{"id":1628,"date":"2018-03-27T21:08:10","date_gmt":"2018-03-27T19:08:10","guid":{"rendered":"https:\/\/die-zwillingsnadeln.de\/?post_type=product&#038;p=1628"},"modified":"2020-04-20T01:15:37","modified_gmt":"2020-04-19T23:15:37","slug":"hat-couture","status":"publish","type":"product","link":"https:\/\/die-zwillingsnadeln.de\/?product=hat-couture","title":{"rendered":"Hat Couture"},"content":{"rendered":"<div class=\"wpb-content-wrapper\"><p>[vc_row][vc_column width=&#8220;1\/2&#8243; css=&#8220;.vc_custom_1550072342468{margin-left: 32px !important;padding-left: 10% !important;}&#8220;][vc_images_carousel images=&#8220;1663,1634,2300,1635,1664,1632,1631,1662,1633,1636&#8243; img_size=&#8220;medium&#8220; onclick=&#8220;link_no&#8220; autoplay=&#8220;yes&#8220; hide_pagination_control=&#8220;yes&#8220; wrap=&#8220;yes&#8220; css=&#8220;.vc_custom_1550169381936{margin-left: 32px !important;}&#8220;][\/vc_column][vc_column width=&#8220;1\/2&#8243;][vc_column_text css=&#8220;.vc_custom_1550071771931{padding-top: 5% !important;padding-right: 10% !important;padding-bottom: 5% !important;padding-left: 5% !important;}&#8220;]<\/p>\n<div class=\"wpb_text_column wpb_content_element \">\n<div class=\"wpb_wrapper\">\n<p>Im Grundlagenteil werden die wichtigsten Materialien, Textilien und N\u00e4hbasics erkl\u00e4rt, sodass auch N\u00e4hanf\u00e4nger der Einstieg gelingt. Von der Kinderkappe \u201ePetite Mademoiselle\u201c, der M\u00e4nnerkappe \u201eBeau Gosse\u201c oder dem Brautkopfschmuck \u201eJolie Mari\u00e9e\u201c ist f\u00fcr jeden Geschmack das Passende dabei. Dank der liebevoll illustrierten Kapitel und Schritt f\u00fcr Schritt Anleitungen der K\u00fcnstlerin Jessica Herber ist \u201eHat Couture\u201c, nicht nur ein Anleitungsbuch, sondern gleichzeitig eine Hommage an Paris.<\/p>\n<\/div>\n<\/div>\n<p>[\/vc_column_text][\/vc_column][\/vc_row][vc_row][vc_column][vc_icon icon_fontawesome=&#8220;fa fa-angle-double-left&#8220; color=&#8220;custom&#8220; align=&#8220;center&#8220; custom_color=&#8220;#ffcccc&#8220; link=&#8220;url:https%3A%2F%2Fdie-zwillingsnadeln.de%2Fshop%2F|||&#8220;][\/vc_column][\/vc_row]<\/p>\n<\/div>","protected":false},"excerpt":{"rendered":"<p>Dieses Anleitungsbuch ist perfekt f\u00fcr alle, die sich dem Thema Hut n\u00e4hern wollen und sich die passende Kopfbedeckung zum Lieblingsoutfit kreieren m\u00f6chten. Neben 10 Schritt f\u00fcr Schritt Anleitungen in verschiedenen Schwierigkeitsgraden erf\u00e4hrt man auch Interessantes \u00fcber das Handwerk, seine Bedeutung und die verschiedenen Hutarten.<\/p>\n","protected":false},"featured_media":1521,"template":"","meta":{"inline_featured_image":false},"product_brand":[],"product_cat":[110],"product_tag":[],"class_list":{"0":"post-1628","1":"product","2":"type-product","3":"status-publish","4":"has-post-thumbnail","6":"product_cat-book","7":"product_shipping_class-tasche","9":"first","10":"instock","11":"taxable","12":"shipping-taxable","13":"purchasable","14":"product-type-simple"},"_links":{"self":[{"href":"https:\/\/die-zwillingsnadeln.de\/index.php?rest_route=\/wp\/v2\/product\/1628","targetHints":{"allow":["GET"]}}],"collection":[{"href":"https:\/\/die-zwillingsnadeln.de\/index.php?rest_route=\/wp\/v2\/product"}],"about":[{"href":"https:\/\/die-zwillingsnadeln.de\/index.php?rest_route=\/wp\/v2\/types\/product"}],"version-history":[{"count":1,"href":"https:\/\/die-zwillingsnadeln.de\/index.php?rest_route=\/wp\/v2\/product\/1628\/revisions"}],"predecessor-version":[{"id":2502,"href":"https:\/\/die-zwillingsnadeln.de\/index.php?rest_route=\/wp\/v2\/product\/1628\/revisions\/2502"}],"wp:featuredmedia":[{"embeddable":true,"href":"https:\/\/die-zwillingsnadeln.de\/index.php?rest_route=\/wp\/v2\/media\/1521"}],"wp:attachment":[{"href":"https:\/\/die-zwillingsnadeln.de\/index.php?rest_route=%2Fwp%2Fv2%2Fmedia&parent=1628"}],"wp:term":[{"taxonomy":"product_brand","embeddable":true,"href":"https:\/\/die-zwillingsnadeln.de\/index.php?rest_route=%2Fwp%2Fv2%2Fproduct_brand&post=1628"},{"taxonomy":"product_cat","embeddable":true,"href":"https:\/\/die-zwillingsnadeln.de\/index.php?rest_route=%2Fwp%2Fv2%2Fproduct_cat&post=1628"},{"taxonomy":"product_tag","embeddable":true,"href":"https:\/\/die-zwillingsnadeln.de\/index.php?rest_route=%2Fwp%2Fv2%2Fproduct_tag&post=1628"}],"curies":[{"name":"wp","href":"https:\/\/api.w.org\/{rel}","templated":true}]}}