{"id":3257,"date":"2024-05-17T09:07:55","date_gmt":"2024-05-17T07:07:55","guid":{"rendered":"https:\/\/die-zwillingsnadeln.de\/?post_type=product&#038;p=3257"},"modified":"2026-04-28T03:35:20","modified_gmt":"2026-04-28T01:35:20","slug":"barett-magnolia","status":"publish","type":"product","link":"https:\/\/die-zwillingsnadeln.de\/?product=barett-magnolia","title":{"rendered":"Barett &#8222;Magnolia&#8220;"},"content":{"rendered":"\t\t<div data-elementor-type=\"product-post\" data-elementor-id=\"3257\" class=\"elementor elementor-3257\" data-elementor-post-type=\"product\">\n\t\t\t\t<div class=\"elementor-element elementor-element-e966b8d e-flex e-con-boxed e-con e-parent\" data-id=\"e966b8d\" data-element_type=\"container\" data-e-type=\"container\">\n\t\t\t\t\t<div class=\"e-con-inner\">\n\t\t\t\t<div class=\"elementor-element elementor-element-6347d69 elementor-widget elementor-widget-text-editor\" data-id=\"6347d69\" data-element_type=\"widget\" data-e-type=\"widget\" data-widget_type=\"text-editor.default\">\n\t\t\t\t\t\t\t\t\t<p>Die Stickerei ist von Hand gezeichnet und <br \/>danach mit einer Freihandmaschine aufgestickt. <br \/>Da jede Stickerei von Hand hergestellt ist,<br \/>kann es zu kleinen Abweichungen kommen und somit ist Kappe ein Einzelst\u00fcck.<br \/>\u2013 Keine Digitalstickerei <br \/>Die M\u00fctze hat eine Standardgr\u00f6\u00dfe von 55 cm.<br \/>Anpassung bis 63 cm Kopfumfang m\u00f6glich.<br \/>Bitte geben Sie bei der Bestellung ihre Kopfgr\u00f6\u00dfe an<\/p>\t\t\t\t\t\t\t\t<\/div>\n\t\t\t\t\t<\/div>\n\t\t\t\t<\/div>\n\t\t\t\t<\/div>\n\t\t","protected":false},"excerpt":{"rendered":"<p>&nbsp;<\/p>\n<p>Klassische Baskenm\u00fctze in Salbeigr\u00fcn aus<br \/>\n100 % Merinowolle (mulesingfrei) mit opulenter Magnolien-Stickerei.<\/p>\n","protected":false},"featured_media":4432,"template":"","meta":{"inline_featured_image":false},"product_brand":[],"product_cat":[182,156],"product_tag":[],"class_list":{"0":"post-3257","1":"product","2":"type-product","3":"status-publish","4":"has-post-thumbnail","6":"product_cat-embroidery","7":"product_cat-winter","8":"product_shipping_class-standard","10":"first","11":"instock","12":"taxable","13":"shipping-taxable","14":"purchasable","15":"product-type-simple"},"_links":{"self":[{"href":"https:\/\/die-zwillingsnadeln.de\/index.php?rest_route=\/wp\/v2\/product\/3257","targetHints":{"allow":["GET"]}}],"collection":[{"href":"https:\/\/die-zwillingsnadeln.de\/index.php?rest_route=\/wp\/v2\/product"}],"about":[{"href":"https:\/\/die-zwillingsnadeln.de\/index.php?rest_route=\/wp\/v2\/types\/product"}],"version-history":[{"count":6,"href":"https:\/\/die-zwillingsnadeln.de\/index.php?rest_route=\/wp\/v2\/product\/3257\/revisions"}],"predecessor-version":[{"id":4439,"href":"https:\/\/die-zwillingsnadeln.de\/index.php?rest_route=\/wp\/v2\/product\/3257\/revisions\/4439"}],"wp:featuredmedia":[{"embeddable":true,"href":"https:\/\/die-zwillingsnadeln.de\/index.php?rest_route=\/wp\/v2\/media\/4432"}],"wp:attachment":[{"href":"https:\/\/die-zwillingsnadeln.de\/index.php?rest_route=%2Fwp%2Fv2%2Fmedia&parent=3257"}],"wp:term":[{"taxonomy":"product_brand","embeddable":true,"href":"https:\/\/die-zwillingsnadeln.de\/index.php?rest_route=%2Fwp%2Fv2%2Fproduct_brand&post=3257"},{"taxonomy":"product_cat","embeddable":true,"href":"https:\/\/die-zwillingsnadeln.de\/index.php?rest_route=%2Fwp%2Fv2%2Fproduct_cat&post=3257"},{"taxonomy":"product_tag","embeddable":true,"href":"https:\/\/die-zwillingsnadeln.de\/index.php?rest_route=%2Fwp%2Fv2%2Fproduct_tag&post=3257"}],"curies":[{"name":"wp","href":"https:\/\/api.w.org\/{rel}","templated":true}]}}