{"id":3680,"date":"2024-12-01T23:59:19","date_gmt":"2024-12-01T22:59:19","guid":{"rendered":"https:\/\/die-zwillingsnadeln.de\/?post_type=product&#038;p=3680"},"modified":"2026-04-24T05:15:39","modified_gmt":"2026-04-24T03:15:39","slug":"holy-love","status":"publish","type":"product","link":"https:\/\/die-zwillingsnadeln.de\/?product=holy-love","title":{"rendered":"&#8222;Holy Love&#8220; Patches"},"content":{"rendered":"\t\t<div data-elementor-type=\"wp-post\" data-elementor-id=\"3680\" class=\"elementor elementor-3680\" data-elementor-post-type=\"product\">\n\t\t\t\t<div class=\"elementor-element elementor-element-c4e6f37 e-flex e-con-boxed e-con e-parent\" data-id=\"c4e6f37\" data-element_type=\"container\" data-e-type=\"container\">\n\t\t\t\t\t<div class=\"e-con-inner\">\n\t\t\t\t<div class=\"elementor-element elementor-element-9ffe695 elementor-widget elementor-widget-text-editor\" data-id=\"9ffe695\" data-element_type=\"widget\" data-e-type=\"widget\" data-widget_type=\"text-editor.default\">\n\t\t\t\t\t\t\t\t\t<p style=\"text-align: left;\">Inspiriert von der \u00c4sthetik von Glanzbildmotiven aus Poesiealben und Symbole<br>des katholischen Glaubens ist der Aufn\u00e4her \u201eHoly Love\u201c auch eine Hommage<br>an Shakespeares Julia aus dem Film der 1990er-Jahre von Baz Luhrmann.<br><br><\/p>\n<p style=\"text-align: left;\">Jede Stickerei ist von Hand gezeichnet, mit einer Freihandstickmaschine gestickt,<br>gewaschen und ausgeschnitten.&nbsp; \u2013 Keine Digitalstickerei<\/p>\n<p style=\"text-align: left;\">Jeder Aufn\u00e4her kommt mit einer N\u00e4h- und Pflegeanleitung.<\/p>\n<div>&nbsp;<\/div>\n<div>&nbsp;<\/div>\t\t\t\t\t\t\t\t<\/div>\n\t\t\t\t\t<\/div>\n\t\t\t\t<\/div>\n\t\t\t\t<\/div>\n\t\t","protected":false},"excerpt":{"rendered":"<p>&nbsp;<\/p>\n<p>Handgefertigter Aufn\u00e4her in Form von zwei ge\u00f6ffneten Lilienbl\u00fcten.<br \/>\nDie Stickerei ist in 2 Varianten erh\u00e4ltlich,<br \/>\nsomit er sich auch perfekt als Verzierung von Jacken oder Westen eignet.<\/p>\n","protected":false},"featured_media":3971,"template":"","meta":{"inline_featured_image":false},"product_brand":[],"product_cat":[182,92,191],"product_tag":[],"class_list":{"0":"post-3680","1":"product","2":"type-product","3":"status-publish","4":"has-post-thumbnail","6":"product_cat-embroidery","7":"product_cat-new","8":"product_cat-patches","9":"product_shipping_class-brief","11":"first","12":"instock","13":"taxable","14":"shipping-taxable","15":"purchasable","16":"product-type-variable"},"_links":{"self":[{"href":"https:\/\/die-zwillingsnadeln.de\/index.php?rest_route=\/wp\/v2\/product\/3680","targetHints":{"allow":["GET"]}}],"collection":[{"href":"https:\/\/die-zwillingsnadeln.de\/index.php?rest_route=\/wp\/v2\/product"}],"about":[{"href":"https:\/\/die-zwillingsnadeln.de\/index.php?rest_route=\/wp\/v2\/types\/product"}],"version-history":[{"count":10,"href":"https:\/\/die-zwillingsnadeln.de\/index.php?rest_route=\/wp\/v2\/product\/3680\/revisions"}],"predecessor-version":[{"id":4077,"href":"https:\/\/die-zwillingsnadeln.de\/index.php?rest_route=\/wp\/v2\/product\/3680\/revisions\/4077"}],"wp:featuredmedia":[{"embeddable":true,"href":"https:\/\/die-zwillingsnadeln.de\/index.php?rest_route=\/wp\/v2\/media\/3971"}],"wp:attachment":[{"href":"https:\/\/die-zwillingsnadeln.de\/index.php?rest_route=%2Fwp%2Fv2%2Fmedia&parent=3680"}],"wp:term":[{"taxonomy":"product_brand","embeddable":true,"href":"https:\/\/die-zwillingsnadeln.de\/index.php?rest_route=%2Fwp%2Fv2%2Fproduct_brand&post=3680"},{"taxonomy":"product_cat","embeddable":true,"href":"https:\/\/die-zwillingsnadeln.de\/index.php?rest_route=%2Fwp%2Fv2%2Fproduct_cat&post=3680"},{"taxonomy":"product_tag","embeddable":true,"href":"https:\/\/die-zwillingsnadeln.de\/index.php?rest_route=%2Fwp%2Fv2%2Fproduct_tag&post=3680"}],"curies":[{"name":"wp","href":"https:\/\/api.w.org\/{rel}","templated":true}]}}